00000100100 (base 2) to base 5
22243034
Convert 2067274 (base 10) to base 14.
3bb546
33121320 (base 6) to base 15
148720
Convert -100110010011011 (base 2) to base 10.
-19611
Convert 34610533 (base 8) to base 14.
10042cb
Convert 41e838 (base 16) to base 13.
b82cbc
Convert 27732 (base 12) to base 16.
d556
What is -5e670 (base 16) in base 11?
-244570
What is 142113022 (base 5) in base 16?
b44d0
Convert 9d9ac (base 16) to base 9.
1183465
-377570 (base 8) to base 12
-63934
What is -4795136 (base 11) in base 8?
-37670671
Convert 107836 (base 10) to base 13.
3a111
What is -1209335 (base 12) in base 7?
-41514062
Convert -41031530 (base 6) to base 15.
-181d1c
Convert 893b8c (base 14) to base 6.
243504424
What is 1513053 (base 9) in base 15?
11783c
What is 11103120110 (base 4) in base 13?
39895a
Convert 114131022 (base 5) to base 7.
4362545
What is 221201020002 (base 3) in base 15?
9ee45
What is 1465248 (base 9) in base 11?
504230
Convert 22020120010 (base 3) to base 5.
20142441
Convert -4323366 (base 7) to base 8.
-2005303
-10323500 (base 6) to base 3
-120120200200
b510 (base 14) to base 9
46682
What is 42455045 (base 6) in base 9?
2317062
-26515b (base 14) to base 5
-314221031
Convert 103345016 (base 7) to base 16.
5e4aad
What is 3040241204 (base 5) in base 14?
b6c6a0
230b80 (base 13) to base 12
340560
What is 344b6 (base 15) in base 7?
1262160
What is -12222212200 (base 3) in base 15?
-24e73
What is 10001011010011110 (base 2) in base 9?
117751
What is -11331022101 (base 4) in base 3?
-2221022121110
What is 3033383 (base 11) in base 9?
11073647
What is 100320231021 (base 4) in base 15?
5c6899
What is d58a5 (base 16) in base 6?
30425205
Convert -8d7ab (base 15) to base 4.
-1232000303
-3121131 (base 6) to base 3
-21122121001
What is 423041 (base 7) in base 9?
121228
What is -10303220311 (base 4) in base 8?
-4635065
-68873 (base 10) to base 12
-33a35
What is -93578 (base 12) in base 11?
-12179a
What is 3374c (base 16) in base 12?
a1b78
382433 (base 14) to base 15
280ee7
Convert 11113121 (base 6) to base 7.
2600434
Convert 548bc (base 13) to base 10.
153100
Convert 2251f4 (base 16) to base 13.
6099b9
Convert 502312 (base 6) to base 12.
1a998
What is -11515053 (base 6) in base 7?
-3061353
What is 63855 (base 12) in base 4?
133330001
What is -101000111110000100 (base 2) in base 14?
-45228
30d3 (base 15) to base 4
2201103
Convert 153785 (base 9) to base 11.
65158
Convert -9457a (base 13) to base 5.
-32014113
280569 (base 12) to base 4
2202030201
What is -1407286 (base 11) in base 8?
-11201112
Convert 1101210121011 (base 3) to base 15.
ea6b1
-320b30 (base 12) to base 14
-167a72
What is 280828 (base 14) in base 7?
14524451
8abb4 (base 14) to base 5
41241312
What is 3556202 (base 7) in base 8?
1561111
Convert 10101100011111111 (base 2) to base 10.
88319
Convert 20203114 (base 5) to base 2.
100111110001011101
Convert 650555 (base 12) to base 9.
3004262
Convert 250028 (base 9) to base 10.
150929
What is 1478 (base 14) in base 3?
11222121
Convert 10521634 (base 9) to base 14.
967c7c
-3331290 (base 10) to base 6
-155222350
-334219 (base 11) to base 12
-218306
What is 13353262 (base 7) in base 6?
42325051
-10131012033 (base 4) to base 15
-181009
c476 (base 16) to base 11
34872
What is 26262 (base 9) in base 6?
214002
-1163158 (base 9) to base 16
-9a571
What is 10033033 (base 5) in base 9?
132245
-2020210022221 (base 3) to base 12
-49852a
What is 47618 (base 14) in base 5?
21032240
What is -4310011 (base 5) in base 11?
-4a525
What is 28ce6 (base 15) in base 9?
218830
4eb11e (base 16) to base 12
1888566
What is 349ba (base 12) in base 5?
4224213
What is -625659 (base 14) in base 9?
-6217421
What is -1364116 (base 7) in base 14?
-4b046
Convert 31440000 (base 5) to base 2.
1000000101100101000
What is 111010101011001 (base 2) in base 11?
20630
What is 5553026 (base 7) in base 14?
13ba86
Convert 422716 (base 8) to base 3.
21011001222
What is -111001100110110101001 (base 2) in base 4?
-13030312221
-7eef6 (base 16) to base 6
-15051022
Convert -403400 (base 9) to base 13.
-84861
113310000030 (base 4) to base 2
10111110100000000001100
Convert 1a74340 (base 12) to base 16.
55dbe0
4728a (base 11) to base 7
402616
What is -3631561 (base 7) in base 9?
-773204
-5df4d (base 16) to base 13
-106226
Convert -10000101101011010011 (base 2) to base 6.
-15422523
What is 89183 (base 10) in base 9?
145302
What is -216013156 (base 7) in base 14?
-1a4059d
Convert 10001101011101110001 (base 2) to base 4.
2031131301
Convert 1022200212100 (base 3) to base 10.
702657
Convert -26363500 (base 8) to base 11.
-3364747
What is -33220234 (base 5) in base 11?
-187aa3
Convert -66850 (base 10) to base 8.
-202442
Convert -11000121222010 (base 3) to base 16.
-20a015
Convert 2b2b (base 16) to base 3.
120011022
-25234203 (base 6) to base 5
-202013111
-127886 (base 9) to base 11
-5366a
What is 777830 (base 10) in base 15?
105705
Convert 2073770 (base 8) to base 10.
555000
Convert -41338 (base 11) to base 12.
-2aa8b
45665352 (base 7) to base 8
17203514
Convert -7768d2 (base 14) to base 16.
-3dd3b8
-3c4d23 (base 14) to base 12
-848417
Convert 30180 (base 12) to base 14.
18a88
Convert c1f96 (base 16) to base 2.
11000001111110010110
What is -6340a (base 16) in base 8?
-1432012
110201201022100 (base 3) to base 13
152b482
-822763 (base 10) to base 11
-512177
What is 1961a (base 16) in base 6?
2121150
What is -572160 (base 8) in base 16?
-2f470
Convert -100010010111101101001000 (base 2) to base 14.
-12a774c
-55b741 (base 12) to base 5
-322233110
Convert 72868 (base 10) to base 13.
27223
What is 2215815 (base 13) in base 8?
47641000
Convert 2671995 (base 11) to base 12.
1666487
What is -2289091 (base 10) in base 4?
-20232313003
Convert -28a8 (base 11) to base 4.
-322210
Convert -264055 (base 8) to base 4.
-112200231
403486 (base 11) to base 10
648775
94618 (base 12) to base 16
2f774
Convert -3315104 (base 6) to base 9.
-272274
-2456061 (base 7) to base 6
-10441520
Convert -142ee0b (base 15) to base 9.
-30381632
-11110100001010000011 (base 2) to base 14
-1c0655
Convert -132340 (base 7) to base 12.
-12487
What is -2bb4a9 (base 12) in base 3?
-1101212121010
24f7b (base 16) to base 11
a3844
-1240514 (base 11) to base 16
-20d98f
10110101000110000 (base 2) to base 4
112220300
Convert d1c49 (base 16) to base 6.
30225453
What is 8590633 (base 11) in base 10?
15110274
Convert 10101111110010100010010 (base 2) to base 7.
66650542
What is -12210001220 (base 3) in base 4?
-123301233
What is -19bbd (base 15) in base 7?
-465613
What is 5464 (base 15) in base 2?
100010111001101
Convert 19d41 (base 16) to base 15.
2152d
What is -15761602 (base 8) in base 16?
-37e382
Convert -6233313 (base 9) to base 2.
-1100101100101101100101
Convert 12772011 (base 9) to base 3.
102212102000101
What is b50575 (base 12) in base 16?
2b5c29
What is 3211022400 (base 5) in base 10?
6735975
Convert 2314112 (base 5) to base 11.
29434
Convert -5b93ac (base 13) to base 10.
-2191058
Convert 1be79f (base 16) to base 5.
432010032
What is 512c76 (base 13) in base 3?
10120002201020
-1140221 (base 6) to base 10
-59701
43102412 (base 5) to base 9
612664
525373a (base 11) to base 9
18370521
Convert -8935067 (base 10) to base 7.
-135642521
What is -422032443 (base 5) in base 16?
-1abcb8
65b45 (base 12) to base 7
1100456
Convert -35c4d (base 15) to base 13.
-600c1
What is -163380 (base 9) in base 16?
-18a35
What is 5919b (base 13) in base 15?
333d5
What is -155144401 (base 6) in base 9?
-6230141
Convert 5160162 (base 8) to base 9.
2514707
-a27345 (base 11) to base 8
-6225561
What is -8d93b (base 16) in base 3?
-1002110110202
211221210112 (base 3) to base 4
1232103320
Convert 1160723 (base 8) to base 9.
536805
Convert 321411135 (base 6) to base 9.
11613735
6114 (base 16) to base 15
756c
Convert 5d240 (base 16) to base 9.
641283
What is 111436 (base 9) in base 5?
4113241
Convert 1000110101001001 (base 2) to base 14.
d277
What is -127672 (base 8) in base 7?
-245104
334818 (base 10) to base 11
209610
What is -570e (base 16) in base 12?
-10a92
Convert -7dcd84 (base 14) to base 16.
-419bf8
What is -1441340033 (base 5) in base 7?
-44525641
What is -5404320 (base 6) in base 7?
-2153445
-728080 (base 11) to base 10
-1167375
Convert 1722480 (base 12) to base 13.
cb1903
-10a9